i**3 - 539*i**2 - 30089*i - 192. Give p(590).
398
Let j(y) = 2*y**3 - 151*y**2 + 546*y - 2963. What is j(72)?
61
Let q(d) = 44*d**2 - d - 7. Determine q(4).
693
Let z(s) = -922*s - 6813. Calculate z(-7).
-359
Let j(o) = 23782*o - 689441. Calculate j(29).
237
Let o(m) = -m**3 + 25*m**2 - 129*m + 590. Give o(20).
10
Let a(t) = 516540*t + 12913513. Calculate a(-25).
13
Let u(b) = -998*b + 26017. Give u(25).
1067
Let i(x) = -12*x**2 - 173*x - 662. Determine i(-8).
-46
Let f(x) = -x**3 + 14*x**2 + 12*x - 116. What is f(10)?
404
Let q(z) = 24*z**2 + 31*z - 80. Calculate q(-14).
4190
Let r(d) = 3*d**3 + 29*d**2 - 152*d - 153. What is r(8)?
2023
Let i(w) = -231*w**2 + 15941*w - 101. Give i(69).
37
Let t(d) = d**3 - 47*d**2 + 384*d + 6. Calculate t(11).
-126
Let b(m) = -26*m**3 + 154*m**2 + 8*m + 22. What is b(6)?
-2
Let c(i) = 6762*i + 1981270. Give c(-293).
4
Let c(r) = -6952*r - 34755. What is c(-5)?
5
Let v(d) = -d**3 - 165*d**2 - 1980*d - 61. What is v(-13)?
-9
Let y(q) = 2*q**3 - 15*q**2 - 359*q + 210. Calculate y(21).
4578
Let z(m) = m**2 + 181*m + 6389. Calculate z(-130).
-241
Let b(a) = 634*a + 93187. Calculate b(-147).
-11
Let p(f) = 2*f**3 - 2*f**2 + 202*f - 394. Determine p(2).
18
Let n(j) = 126*j**2 - 67153*j - 2642. What is n(533)?
23
Let u(n) = -3189530*n + 28705766. What is u(9)?
-4
Let c(g) = -g**2 - 33*g + 429. Determine c(-17).
701
Let l(t) = -32*t**2 - 116*t - 674. What is l(-9)?
-2222
Let u(n) = n**3 - 1384*n**2 - 15345*n + 1. Calculate u(-11).
1
Let t(f) = -6*f**2 - 1347*f + 29338. What is t(20)?
-2
Let b(c) = -2364*c**3 + 9483*c**2 - 110*c + 14. What is b(4)?
6
Let h(n) = -n**3 + 72*n**2 + 458*n + 316. What is h(78)?
-464
Let i(w) = -1555*w + 49563. Calculate i(32).
-197
Let k(g) = -963*g + 7743. Calculate k(8).
39
Let c(g) = 34341*g + 482276. Calculate c(-14).
1502
Let v(r) = 986302*r - 9863034. Calculate v(10).
-14
Let s(o) = o**3 + 96*o**2 + 579*o + 59. Determine s(-6).
-175
Let i(d) = -84*d + 2866. Calculate i(36).
-158
Let b(p) = -1808*p + 415931. Give b(230).
91
Let w(g) = g**2 + 3369*g - 531510. What is w(151)?
10
Let h(w) = 13631*w - 109267. What is h(8)?
-219
Let v(f) = 2*f**3 - 39*f**2 + 64*f + 310. Calculate v(17).
-47
Let i(v) = v**2 + 66966*v - 6572291. What is i(98)?
-19
Let b(t) = 2*t**3 - 55*t**2 - 77*t + 102. Give b(28).
-1270
Let w(q) = 369*q - 30289. What is w(95)?
4766
Let c(k) = 53350*k + 266703. Give c(-5).
-47
Let l(h) = -h**3 - 2*h**2 - 882*h + 5585. Calculate l(6).
5
Let z(k) = -17958*k + 125734. Give z(7).
28
Let g(x) = 259*x - 2404. What is g(10)?
186
Let w(t) = t**3 + 3*t**2 + 1510*t + 23280. Give w(-14).
-16
Let j(x) = -x**3 + x**2 - 11544*x - 31. Give j(0).
-31
Let p(w) = -3*w**3 + 16*w**2 - 59*w - 482. Calculate p(-4).
202
Let t(l) = 593683*l + 4155755. Calculate t(-7).
-26
Let g(o) = 4903*o + 264703. Give g(-54).
-59
Let g(n) = -2*n**2 + 22076*n + 287148. Determine g(-13).
-178
Let q(u) = -1331*u - 505832. Give q(-380).
-52
Let y(o) = 18*o**2 + 11479*o - 261253. What is y(22)?
-3
Let j(a) = 17*a**3 + 21*a**2 - 565*a + 1056. Determine j(2).
146
Let v(s) = -39*s**2 - 7139*s - 393. Calculate v(-183).
-27
Let n(s) = 7748*s - 5408126. What is n(698)?
-22
Let r(y) = 160033*y - 320028. Determine r(2).
38
Let a(t) = -694*t - 4172. Calculate a(-4).
-1396
Let b(o) = 5455*o + 114550. Determine b(-21).
-5
Let y(u) = -1635*u + 54021. Calculate y(33).
66
Let i(u) = 3985*u + 115583. Determine i(-29).
18
Let k(v) = -3*v**3 + 18*v**2 + 43*v + 186. What is k(9)?
-156
Let d(u) = u**2 + 91*u - 5133. Give d(40).
107
Let h(k) = k**3 - 21406*k**2 + 128403*k - 6. What is h(6)?
12
Let u(o) = 36765*o - 441178. What is u(12)?
2
Let f(n) = -n**3 - 5*n**2 + 329*n - 1536. Determine f(12).
-36
Let s(c) = -2180*c + 974455. Calculate s(447).
-5
Let i(o) = -856*o + 402. What is i(2)?
-1310
Let d(u) = 2*u**3 - 18*u**2 + 17024*u - 136064. Determine d(8).
0
Let o(q) = -2*q**3 + 183*q**2 - 2233*q - 21. Calculate o(77).
-21
Let c(p) = -p**3 + 846*p**2 - 9961*p - 39219. Calculate c(834).
-21
Let u(k) = 62*k**2 - 7128*k - 170. Calculate u(115).
60
Let j(b) = -834*b + 145096. Calculate j(174).
-20
Let l(i) = -4262802*i + 68204832. Calculate l(16).
0
Let m(l) = -2*l**3 - 26*l**2 + 1116*l + 9719. Give m(-27).
-1
Let t(v) = v**3 + 8*v**2 + 189964*v + 1139714. Give t(-6).
2
Let i(z) = 29*z**3 + 339*z**2 - 353*z + 15. Determine i(1).
30
Let j(x) = -x**3 - 177*x**2 - 4283*x + 1315. Calculate j(-148).
-17
Let a(p) = -398*p**2 - 3971*p + 24. Determine a(-10).
-66
Let k(c) = 40843*c + 163383. Calculate k(-4).
11
Let n(x) = -2*x + 877. Give n(-40).
957
Let g(j) = -58*j - 6942. Give g(-34).
-4970
Let u(g) = -463*g - 11291. Determine u(-25).
284
Let o(x) = 41190*x + 1318101. Calculate o(-32).
21
Let o(g) = 4*g**2 - 436*g - 12029. Give o(132).
115
Let f(n) = n**2 - 2334*n - 230761. Determine f(-95).
-6
Let m(t) = t**3 - 115*t**2 + 19*t + 1753. What is m(114)?
-9077
Let s(q) = -30*q**2 + 4069*q + 528. Calculate s(136).
-968
Let i(y) = -1862*y + 161855. Give i(87).
-139
Let k(o) = -42*o**2 - 7859*o - 846. Determine k(-187).
89
Let s(n) = 9*n**3 - 50*n**2 + 186*n - 719. What is s(4)?
-199
Let q(t) = 15*t**3 + 25*t**2 + 33*t + 111. Give q(-6).
-2427
Let f(x) = 11147*x - 11167. Calculate f(1).
-20
Let j(q) = 1042*q + 353257. What is j(-339)?
19
Let l(p) = -6*p**2 + 887*p + 15837. Determine l(164).
-71
Let w(f) = 899*f - 83553. Give w(93).
54
Let c(o) = -372*o + 24427. Determine c(64).
619
Let k(f) = -10*f**3 - 8*f**2 + 51197*f - 102361. What is k(2)?
-79
Let d(q) = -7783*q + 1992464. What is d(256)?
16
Let m(q) = 13462*q - 80647. Calculate m(6).
125
Let p(z) = 92317*z + 923178. Give p(-10).
8
Let b(g) = g**3 + 730*g**2 - 5905*g - 17. Calculate b(8).
-25
Let l(f) = -13*f**2 + 227*f + 1606. Determine l(23).
-50
Let q(x) = 203*x - 3420. Determine q(17).
31
Let m(y) = y**3 - 42*y**2 + 109*y + 30. What is m(40)?
1190
Let f(x) = 4332*x + 56339. Calculate f(-13).
23
Let h(u) = 2*u**2 - 1313*u + 193733. Determine h(224).
-27
Let q(r) = -r**3 - 32*r**2 - 143*r + 354. Give q(-26).
16
Let a(d) = -49683*d - 943986. What is a(-19)?
-9
Let n(i) = 8527*i - 136230. Calculate n(16).
202
Let h(q) = 39*q**2 + 21455*q + 2719. Give h(-550).
-31
Let v(l) = l**2 + 117*l + 15. Calculate v(-19).
-1847
Let u(k) = k**3 - 142*k**2 - 577*k - 1082. What is u(146)?
-60
Let y(b) = -22750*b + 1410503. What is y(62)?
3
Let q(n) = -3*n**2 - 2271*n + 3190329. What is q(-1477)?
9
Let d(j) = -j**3 + 94*j**2 - 929*j + 9. Give d(10).
-881
Let g(j) = -j**2 - 19791*j + 98958. Give g(5).
-22
Let w(z) = 1793*z - 292076. Give w(163).
183
Let k(v) = -16*v**3 - 52*v**2 - 5*v - 53. What is k(-6)?
1561
Let t(o) = -197558*o - 790241. Determine t(-4).
-9
Let y(r) = -2935*r + 355111. Calculate y(121).
-24
Let h(k) = -15*k**2 - 273*k + 12. Calculate h(-15).
732
Let u(o) = 10*o**2 - 26784*o - 53563. Give u(-2).
45
Let c(j) = -3*j**3 - j**2 + 191*j + 1075. Calculate c(-6).
541
Let z(b) = -6*b**3 + 10*b**2 + 362*b - 2932. What is z(8)?
-2468
Let a(r) = -151*r**2 - 1174*r - 1159. Determine a(-1).
-136
Let m(c) = 1476*c - 4790. What is m(3)?
-362
Let j(f) = 105943*f - 635660. Give j(6).
-2
Let i(n) = -99768*n - 99773. What is i(-1)?
-5
Let r(m) = -m**3 - 26*m**2 + 20*m + 23. Give r(-10).
-1777
Let a(d) = -39*d**2 - 2076*d + 1546. Calculate a(-54).
-74
Let l(m) = -2*m**3 + 167*m**2 - 13*m + 8108. What is l(84)?
-40
Let l(n) = -58*n - 10003. Calculate l(-153).
-1129
Let y(v) = -1735*v + 831054. Determine y(479).
-11
Let b(n) = n**3 + 435*n**2 - 2062*n + 60808. Give b(-440).
88
Let x(r) = 7995*r + 183929. Give x(-23).
44
Let c(t) = t**2 + 115*t + 631. Determine c(-112).
295
Let t(m) = 100*m**3 + 3302*m**2 + 162*m + 3163. What is t(-33)?
-5
Let a(r) = -149533*r - 897144. Give a(-6).
54
Let x(y) = 14*y**3 + 214*y**2 + 78*y + 49. Give x(-15).
-221
Let a(u) = -5*u**2 + 5205*u + 57861. Determine a(1052).
1
Let a(w) = 45*w + 11681. Calculate a(-223).
1646
Let r(a) = -2*a**3 + 255*a**2 - 1119*a - 53. Give r(123).
-1529
Let x(f) = 4615*f - 3484329. What is x(755)?
-4
Let f(q) = 32*q**2 - 813*q + 108. Calculate f(26).
602
Let q(w) = -29*w**2 + 360*w - 168. Calculate q(12).
-24
Let p(w) = w**2 + 32*w - 1946. Calculate p(31).
7
Let i(r) = -r**3 + 48*r**2 + 226*r + 5609. Determine i(54).
317
Let v(c) = -c**3 + 7*c**2 - 1064